{"id":18,"date":"2021-11-27T21:59:57","date_gmt":"2021-11-27T20:59:57","guid":{"rendered":"http:\/\/amicalelaiquecasteljaloux.fr\/?page_id=18"},"modified":"2025-08-22T19:54:23","modified_gmt":"2025-08-22T17:54:23","slug":"a-propos-de","status":"publish","type":"page","link":"https:\/\/amicalelaiquecasteljaloux.fr\/?page_id=18","title":{"rendered":"\u00c0 propos"},"content":{"rendered":"\n<p class=\"has-text-align-center \\&quot;has-medium-font-size\\&quot;\">Pr\u00e9sentation de l&rsquo;Amicale La\u00efque<\/p>\n\n\n\n<figure class=\"wp-block-image size-full is-resized\"><img loading=\"lazy\" decoding=\"async\" width=\"940\" height=\"788\" src=\"https:\/\/amicalelaiquecasteljaloux.fr\/wp-content\/uploads\/2025\/08\/Copie-de-Copie-de-Marie-Notre-Presidente-17.png\" alt=\"\" class=\"wp-image-2573\" style=\"width:706px;height:auto\" srcset=\"https:\/\/amicalelaiquecasteljaloux.fr\/wp-content\/uploads\/2025\/08\/Copie-de-Copie-de-Marie-Notre-Presidente-17.png 940w, https:\/\/amicalelaiquecasteljaloux.fr\/wp-content\/uploads\/2025\/08\/Copie-de-Copie-de-Marie-Notre-Presidente-17-300x251.png 300w, https:\/\/amicalelaiquecasteljaloux.fr\/wp-content\/uploads\/2025\/08\/Copie-de-Copie-de-Marie-Notre-Presidente-17-768x644.png 768w\" sizes=\"(max-width: 940px) 100vw, 940px\" \/><\/figure>\n\n\n\n<figure class=\"wp-block-image size-full is-resized\"><img loading=\"lazy\" decoding=\"async\" width=\"940\" height=\"788\" src=\"https:\/\/amicalelaiquecasteljaloux.fr\/wp-content\/uploads\/2025\/08\/Marie-Notre-Presidente-5.png\" alt=\"\" class=\"wp-image-2572\" style=\"width:499px;height:auto\" srcset=\"https:\/\/amicalelaiquecasteljaloux.fr\/wp-content\/uploads\/2025\/08\/Marie-Notre-Presidente-5.png 940w, https:\/\/amicalelaiquecasteljaloux.fr\/wp-content\/uploads\/2025\/08\/Marie-Notre-Presidente-5-300x251.png 300w, https:\/\/amicalelaiquecasteljaloux.fr\/wp-content\/uploads\/2025\/08\/Marie-Notre-Presidente-5-768x644.png 768w\" sizes=\"(max-width: 940px) 100vw, 940px\" \/><\/figure>\n\n\n\n<p class=\"has-text-align-center has-light-green-cyan-background-color has-background\">Historique de l&rsquo;amicale La\u00efque de Casteljaloux<br>L&rsquo;amicale La\u00efque de Casteljaloux a \u00e9t\u00e9 cr\u00e9\u00e9e en 1948 <\/p>\n\n\n\n<ul class=\"has-medium-font-size\">\n<li><strong>1978 \/ 1979<\/strong>, nouveau bureau avec le docteur&nbsp;<strong>Mandavy, J-Claude Lambrot et Serge Lan\u00e7on<\/strong>&nbsp;avec de nouvelles section et de nouveaux statuts.<\/li>\n\n\n\n<li><strong>1985 \/ 1986,<\/strong>&nbsp;nouveau bureau avec&nbsp;<strong>Daniel Nauge, Christian Dulys et serge Lan\u00e7on<\/strong>. C\u2019est le point de d\u00e9part du d\u00e9veloppement des activit\u00e9s.<\/li>\n\n\n\n<li><strong>1988 \/ 1989<\/strong>, l\u2019amicale change de pr\u00e9sident&nbsp;<strong>Jacques Dulin remplace Daniel Nauge<\/strong>&nbsp;et le si\u00e8ge social est au centre Jean Monnet.<\/li>\n\n\n\n<li><strong>1995 \/ 1996<\/strong>, nouveau bureau avec&nbsp;<strong>Annie Chamont, Viviane Ruhant et Serge Lan\u00e7on<\/strong>, plusieurs sections (peinture, arts cr\u00e9atifs, anglais et cin\u00e9ma) sont cr\u00e9\u00e9es.<\/li>\n\n\n\n<li><strong>1998 \/ 1999<\/strong>, Pour les 50 ans de l\u2019amicale, le tr\u00e9sorier\u00a0<strong>Serge Lan\u00e7on  devient pr\u00e9sident<\/strong>\u00a0avec\u00a0<strong>Marie-Rose Bourgade et Elyane Biras<\/strong>. L\u2019amicale compte alors 7 sections (cin\u00e9ma, peinture arts cr\u00e9atifs, jeux de soci\u00e9t\u00e9, philath\u00e9lie, clique, danses traditionnelles et Cyclo).<\/li>\n\n\n\n<li><strong>2004<\/strong>, le cin\u00e9ma l\u2019Odyss\u00e9e ouvre ses portes et de nouvelles sections (yoga, informatique, anglais, espagnol) voient le jour.<\/li>\n<\/ul>\n\n\n\n<ul>\n<li><strong>2008 d\u00e9j\u00e0 les 60 ans<\/strong>&nbsp;avec plus de 200 adh\u00e9rents et M. Jean Claude Gu\u00e9nin (maire de Casteljaloux) attribut une deuxi\u00e8me salle<\/li>\n<\/ul>\n\n\n\n<ul>\n<li><strong>2018, 70 ans<\/strong>&nbsp;d\u2019existence avec 14 sections culturelles et sportives <\/li>\n<\/ul>\n\n\n\n<p><\/p>\n\n\n\n<p><br><\/p>\n","protected":false},"excerpt":{"rendered":"<p>Pr\u00e9sentation de l&rsquo;Amicale La\u00efque Historique de l&rsquo;amicale La\u00efque de CasteljalouxL&rsquo;amicale La\u00efque de Casteljaloux a \u00e9t\u00e9 cr\u00e9\u00e9e en 1948<\/p>\n","protected":false},"author":2,"featured_media":0,"parent":0,"menu_order":0,"comment_status":"closed","ping_status":"closed","template":"","meta":{"_uag_custom_page_level_css":"","site-sidebar-layout":"default","site-content-layout":"default","ast-main-header-display":"","ast-hfb-above-header-display":"","ast-hfb-below-header-display":"","ast-hfb-mobile-header-display":"","site-post-title":"","ast-breadcrumbs-content":"","ast-featured-img":"","footer-sml-layout":"","theme-transparent-header-meta":"","adv-header-id-meta":"","stick-header-meta":"","header-above-stick-meta":"","header-main-stick-meta":"","header-below-stick-meta":"","footnotes":""},"uagb_featured_image_src":{"full":false,"thumbnail":false,"medium":false,"medium_large":false,"large":false,"1536x1536":false,"2048x2048":false},"uagb_author_info":{"display_name":"admin","author_link":"https:\/\/amicalelaiquecasteljaloux.fr\/?author=2"},"uagb_comment_info":0,"uagb_excerpt":"Pr\u00e9sentation de l&rsquo;Amicale La\u00efque Historique de l&rsquo;amicale La\u00efque de CasteljalouxL&rsquo;amicale La\u00efque de Casteljaloux a \u00e9t\u00e9 cr\u00e9\u00e9e en 1948","_links":{"self":[{"href":"https:\/\/amicalelaiquecasteljaloux.fr\/index.php?rest_route=\/wp\/v2\/pages\/18"}],"collection":[{"href":"https:\/\/amicalelaiquecasteljaloux.fr\/index.php?rest_route=\/wp\/v2\/pages"}],"about":[{"href":"https:\/\/amicalelaiquecasteljaloux.fr\/index.php?rest_route=\/wp\/v2\/types\/page"}],"author":[{"embeddable":true,"href":"https:\/\/amicalelaiquecasteljaloux.fr\/index.php?rest_route=\/wp\/v2\/users\/2"}],"replies":[{"embeddable":true,"href":"https:\/\/amicalelaiquecasteljaloux.fr\/index.php?rest_route=%2Fwp%2Fv2%2Fcomments&post=18"}],"version-history":[{"count":29,"href":"https:\/\/amicalelaiquecasteljaloux.fr\/index.php?rest_route=\/wp\/v2\/pages\/18\/revisions"}],"predecessor-version":[{"id":2579,"href":"https:\/\/amicalelaiquecasteljaloux.fr\/index.php?rest_route=\/wp\/v2\/pages\/18\/revisions\/2579"}],"wp:attachment":[{"href":"https:\/\/amicalelaiquecasteljaloux.fr\/index.php?rest_route=%2Fwp%2Fv2%2Fmedia&parent=18"}],"curies":[{"name":"wp","href":"https:\/\/api.w.org\/{rel}","templated":true}]}}

À propos

<p class="has-text-align-center \&quot;has-medium-font-size\&quot;">Présentation de l&rsquo;Amicale Laïque</p>



<figure class="wp-block-image size-full is-resized"><img loading="lazy" decoding="async" width="940" height="788" src="https://amicalelaiquecasteljaloux.fr/wp-content/uploads/2025/08/Copie-de-Copie-de-Marie-Notre-Presidente-17.png" alt="" class="wp-image-2573" style="width:706px;height:auto" srcset="https://amicalelaiquecasteljaloux.fr/wp-content/uploads/2025/08/Copie-de-Copie-de-Marie-Notre-Presidente-17.png 940w, https://amicalelaiquecasteljaloux.fr/wp-content/uploads/2025/08/Copie-de-Copie-de-Marie-Notre-Presidente-17-300x251.png 300w, https://amicalelaiquecasteljaloux.fr/wp-content/uploads/2025/08/Copie-de-Copie-de-Marie-Notre-Presidente-17-768x644.png 768w" sizes="(max-width: 940px) 100vw, 940px" /></figure>



<figure class="wp-block-image size-full is-resized"><img loading="lazy" decoding="async" width="940" height="788" src="https://amicalelaiquecasteljaloux.fr/wp-content/uploads/2025/08/Marie-Notre-Presidente-5.png" alt="" class="wp-image-2572" style="width:499px;height:auto" srcset="https://amicalelaiquecasteljaloux.fr/wp-content/uploads/2025/08/Marie-Notre-Presidente-5.png 940w, https://amicalelaiquecasteljaloux.fr/wp-content/uploads/2025/08/Marie-Notre-Presidente-5-300x251.png 300w, https://amicalelaiquecasteljaloux.fr/wp-content/uploads/2025/08/Marie-Notre-Presidente-5-768x644.png 768w" sizes="(max-width: 940px) 100vw, 940px" /></figure>



<p class="has-text-align-center has-light-green-cyan-background-color has-background">Historique de l&rsquo;amicale Laïque de Casteljaloux<br>L&rsquo;amicale Laïque de Casteljaloux a été créée en 1948 </p>



<ul class="has-medium-font-size">
<li><strong>1978 / 1979</strong>, nouveau bureau avec le docteur&nbsp;<strong>Mandavy, J-Claude Lambrot et Serge Lançon</strong>&nbsp;avec de nouvelles section et de nouveaux statuts.</li>



<li><strong>1985 / 1986,</strong>&nbsp;nouveau bureau avec&nbsp;<strong>Daniel Nauge, Christian Dulys et serge Lançon</strong>. C’est le point de départ du développement des activités.</li>



<li><strong>1988 / 1989</strong>, l’amicale change de président&nbsp;<strong>Jacques Dulin remplace Daniel Nauge</strong>&nbsp;et le siège social est au centre Jean Monnet.</li>



<li><strong>1995 / 1996</strong>, nouveau bureau avec&nbsp;<strong>Annie Chamont, Viviane Ruhant et Serge Lançon</strong>, plusieurs sections (peinture, arts créatifs, anglais et cinéma) sont créées.</li>



<li><strong>1998 / 1999</strong>, Pour les 50 ans de l’amicale, le trésorier <strong>Serge Lançon  devient président</strong> avec <strong>Marie-Rose Bourgade et Elyane Biras</strong>. L’amicale compte alors 7 sections (cinéma, peinture arts créatifs, jeux de société, philathélie, clique, danses traditionnelles et Cyclo).</li>



<li><strong>2004</strong>, le cinéma l’Odyssée ouvre ses portes et de nouvelles sections (yoga, informatique, anglais, espagnol) voient le jour.</li>
</ul>



<ul>
<li><strong>2008 déjà les 60 ans</strong>&nbsp;avec plus de 200 adhérents et M. Jean Claude Guénin (maire de Casteljaloux) attribut une deuxième salle</li>
</ul>



<ul>
<li><strong>2018, 70 ans</strong>&nbsp;d’existence avec 14 sections culturelles et sportives </li>
</ul>



<p></p>



<p><br></p>

<p>Présentation de l&rsquo;Amicale Laïque Historique de l&rsquo;amicale Laïque de CasteljalouxL&rsquo;amicale Laïque de Casteljaloux a été créée en 1948</p>

Présentation de l&rsquo;Amicale Laïque Historique de l&rsquo;amicale Laïque de CasteljalouxL&rsquo;amicale Laïque de Casteljaloux a été créée en 1948
